).
-74
Let k(y) = 3*y**2 + 56*y - 16. What is k(-19)?
3
Let b(y) = y**3 + 2*y**2 - 10*y - 51. Give b(4).
5
Let f(i) = -240*i**2 - 699*i + 5. Calculate f(-3).
-58
Let r(a) = -a**3 - 13*a**2 + 1679*a - 36. What is r(-48)?
12
Let u(s) = s + 72. Give u(10).
82
Let k(o) = -o**2 + 91*o + 3040. What is k(-26)?
-2
Let a(g) = g**2 - 14*g + 40. Give a(3).
7
Let w(f) = -56*f**2 + 9*f + 1. What is w(-1)?
-64
Let x(c) = 3*c**3 - 62*c**2 + 88*c + 121. Give x(19).
-12
Let s(v) = -161*v - 2083. Give s(-13).
10
Let f(t) = 27*t + 1070. What is f(-38)?
44
Let k(g) = -g**3 - 19*g**2 + 79*g + 1712. Give k(-19).
211
Let l(r) = -r**3 - 95*r**2 - 2051*r - 319. Give l(-62).
-9
Let d(h) = -4*h**2 + 171*h + 347. Give d(-2).
-11
Let l(r) = 331*r + 1667. Calculate l(-5).
12
Let y(q) = 37917*q + 75835. Determine y(-2).
1
Let y(s) = -s - 89. Determine y(8).
-97
Let j(w) = w**2 - 38*w + 123. What is j(35)?
18
Let b(v) = -5*v**2 - 34*v + 21. What is b(-10)?
-139
Let b(d) = -d**2 + 82*d + 856. Determine b(-9).
37
Let m(y) = 392*y - 5499. Give m(14).
-11
Let g(a) = -a**3 + 10*a**2 + 157*a + 112. Calculate g(-8).
8
Let v(r) = 6*r**3 - 343*r**2 + 56*r + 52. What is v(57)?
-5
Let o(z) = -2*z**2 - 110*z - 25. Give o(-54).
83
Let w(j) = -27*j + 131. Calculate w(4).
23
Let c(g) = 81*g - 281. Give c(4).
43
Let g(x) = -11*x + 73. What is g(4)?
29
Let m(b) = 6*b**2 - 2543*b - 5077. Calculate m(-2).
33
Let j(f) = -23*f**2 - 3*f - 7. Calculate j(5).
-597
Let t(o) = -o**2 - 81*o + 7. Give t(0).
7
Let g(f) = f**2 - 45*f + 219. Calculate g(40).
19
Let w(r) = -492*r + 4182. What is w(9)?
-246
Let y(l) = -4*l**2 - 206*l + 324. Determine y(-53).
6
Let d(g) = g**2 + 471*g + 20695. Determine d(-49).
17
Let j(k) = -k**3 + 7*k**2 + 13*k - 130. Give j(10).
-300
Let d(k) = k**3 - 19*k**2 + 60*k - 196. Determine d(16).
-4
Let c(o) = 6*o**3 + o**2 + 4*o - 7. Determine c(-3).
-172
Let i(f) = 193*f - 594. What is i(3)?
-15
Let u(q) = -45*q - 92. Give u(-5).
133
Let b(u) = u**3 - 34*u**2 + 379*u - 863. Determine b(3).
-5
Let l(n) = n**2 + 740*n - 19903. What is l(26)?
13
Let m(l) = 103*l + 656. What is m(-6)?
38
Let v(t) = 2*t**3 + 85*t**2 - 230*t - 235. What is v(-45)?
-10
Let c(z) = 5*z**2 - 29*z - 11. Give c(10).
199
Let b(k) = -k**2 + 37*k - 313. Determine b(14).
9
Let v(t) = 144*t + 1159. What is v(-8)?
7
Let r(s) = 27*s - 241. Calculate r(9).
2
Let w(y) = 5*y**2 - 221*y - 174. Determine w(43).
-432
Let o(w) = 8*w**2 - 17*w + 54. Give o(4).
114
Let y(m) = m**3 - 28*m**2 - 10*m - 608. Give y(29).
-57
Let o(n) = -n**3 - 12*n**2 + 5*n - 34. Determine o(5).
-434
Let l(b) = -b**2 - 167*b + 12772. What is l(-224)?
4
Let b(d) = 2422*d + 12099. Calculate b(-5).
-11
Let w(f) = 45*f**2 + 9*f + 7. Calculate w(-1).
43
Let m(p) = 225*p - 1614. What is m(7)?
-39
Let o(j) = 116*j + 146. What is o(-1)?
30
Let g(m) = 12*m - 149. Calculate g(-18).
-365
Let x(y) = -66*y**3 + 7*y**2 + 2*y - 5. Calculate x(-1).
66
Let q(i) = 1008*i - 4000. Give q(4).
32
Let i(r) = r**3 + 110*r**2 + 1003*r + 293. What is i(-100)?
-7
Let r(u) = u**3 - 38*u**2 - 29*u + 169. Give r(38).
-933
Let v(u) = 1527*u - 25967. Give v(17).
-8
Let s(b) = -2*b**3 + 130*b**2 - 124*b - 273. Determine s(64).
-17
Let k(p) = -p**3 - 133*p**2 + 399*p - 1239. Determine k(-136).
-15
Let u(a) = -1592*a + 12723. Calculate u(8).
-13
Let z(h) = -h**3 + 8*h**2 - 33*h + 63. What is z(7)?
-119
Let o(q) = q**3 - 18*q**2 + 23*q - 26. Give o(15).
-356
Let k(h) = h**2 - 11*h - 170. Give k(-7).
-44
Let o(b) = 3*b**3 + 28*b**2 + 174*b + 688. Give o(-6).
4
Let z(d) = 37*d**2 - 68*d + 3. Give z(2).
15
Let p(o) = -75*o + 466. Determine p(6).
16
Let s(b) = -b**3 + 27*b**2 - 123*b + 130. Determine s(21).
193
Let c(m) = -m**2 - 23*m - 32. Calculate c(9).
-320
Let c(l) = l**3 - 9*l**2 + l + 2. Determine c(9).
11
Let x(r) = r**2 + 264*r + 8184. Calculate x(-36).
-24
Let q(d) = 38*d - 373. Give q(17).
273
Let g(c) = c**2 + 56*c - 251. What is g(4)?
-11
Let k(i) = -10*i - 356. What is k(-27)?
-86
Let t(o) = -3*o**2 + 26*o + 25. Calculate t(10).
-15
Let n(k) = 124*k - 4094. What is n(33)?
-2
Let g(k) = 4*k**3 + 261*k**2 + 64*k - 101. What is g(-65)?
-36
Let x(j) = -j**2 + 52*j - 449. Give x(41).
2
Let x(t) = t**3 - 27*t**2 - 27*t - 31. Calculate x(28).
-3
Let v(o) = -155*o + 11938. Calculate v(77).
3
Let t(g) = 2*g**3 - 98*g**2 - 3*g + 98. What is t(49)?
-49
Let x(p) = -p**3 + 49*p**2 - 137*p. Determine x(46).
46
Let j(c) = -63*c - 2779. Determine j(-48).
245
Let r(q) = -4*q**2 + 21*q - 35. Calculate r(7).
-84
Let a(k) = -98*k + 992. Calculate a(10).
12
Let v(q) = 2*q**3 - 18*q**2 - 26*q + 117. Calculate v(9).
-117
Let d(j) = j**3 + 21*j**2 - 178*j - 3432. Give d(-22).
0
Let b(q) = 217*q - 1508. Determine b(7).
11
Let w(x) = 5*x**3 + 9*x**2 + 12*x - 16. What is w(-5)?
-476
Let u(n) = 56*n + 341. Calculate u(-6).
5
Let s(p) = -66*p + 207. Determine s(3).
9
Let d(w) = w**3 - 17*w**2 + 9*w - 166. What is d(17)?
-13
Let f(b) = -4*b**2 + 15*b - 5. Calculate f(3).
4
Let r(y) = -y**3 + 34*y**2 + 69*y - 24. Determine r(36).
-132
Let x(r) = 2*r**2 - 443*r + 24326. Give x(121).
5
Let a(v) = 17*v + 413. What is a(-26)?
-29
Let p(i) = i**3 - 19*i**2 + 71*i + 86. Determine p(7).
-5
Let f(t) = t**2 + 94*t - 1614. Determine f(16).
146
Let l(v) = -v**2 + 45*v - 92. What is l(43)?
-6
Let k(r) = -588*r - 4079. What is k(-7)?
37
Let m(k) = -209*k - 3783. Calculate m(-18).
-21
Let j(y) = 6*y**3 + y**2 - 12*y + 575. Give j(0).
575
Let w(a) = a**3 - 9*a**2 - 31*a - 82. Calculate w(12).
-22
Let o(k) = 5*k**2 - 351*k - 136. Determine o(71).
148
Let a(k) = -8*k - 625. Give a(-77).
-9
Let v(k) = -7*k**2 - 72*k - 29. Give v(-11).
-84
Let n(b) = 56*b + 86. Calculate n(-2).
-26
Let l(t) = -849*t - 2. Determine l(0).
-2
Let j(k) = k**2 + 5*k - 38. Determine j(8).
66
Let y(d) = -74*d**2 - 276*d + 12. Calculate y(-4).
-68
Let m(w) = -6*w**2 + 421*w - 813. What is m(2)?
5
Let s(c) = -4*c**2 - 76*c - 380. What is s(-7)?
-44
Let m(a) = -a**2 - 55*a - 343. Give m(-51).
-139
Let h(y) = -4*y**3 + 15*y + 5. What is h(3)?
-58
Let b(q) = -3*q**2 - 205*q - 61. Give b(-68).
7
Let o(g) = 2*g**2 + 19*g + 52. What is o(-14)?
178
Let l(m) = m - 51. What is l(17)?
-34
Let t(b) = 48*b - 58. Give t(-1).
-106
Let g(u) = -u**3 + 18*u**2 + 41*u - 23. Calculate g(20).
-3
Let a(i) = -i**3 - 12*i**2 + 5*i + 170. Calculate a(-11).
-6
Let z(r) = -r**3 - 20*r**2 - 75*r - 179. Give z(-16).
-3
Let v(k) = k**3 - 97*k**2 + 1704*k - 45. Give v(74).
103
Let k(s) = s**3 + 50*s**2 - 100*s + 329. What is k(-52)?
121
Let s(g) = 5*g**3 + 309*g**2 - 63*g - 81. Give s(-62).
-19
Let c(t) = 276*t**2 - 39*t - 1. Give c(-1).
314
Let s(h) = -12*h - 431. Give s(-37).
13
Let c(u) = -u**3 - 30*u**2 - 60*u - 116. What is c(-28)?
-4
Let b(q) = 838*q + 9222. What is b(-11)?
4
Let i(k) = 45*k - 8102. Determine i(180).
-2
Let v(i) = -65*i - 2005. Determine v(-31).
10
Let f(w) = w**3 - 9*w**2 + 83*w - 274. What is f(4)?
-22
Let q(n) = -5*n**2 + 187*n - 216. Determine q(36).
36
Let g(y) = -y**3 + 9*y**2 + 12*y + 8. What is g(11)?
-102
Let x(g) = -3*g**2 - 259*g - 530. What is x(-84)?
58
Let y(f) = -2*f**2 - 43*f - 310. What is y(-9)?
-85
Let x(l) = -180*l - 10300. What is x(-58)?
140
Let j(r) = -32*r + 1793. Give j(54).
65
Let v(x) = -6*x**2 - 62*x - 278. Calculate v(-4).
-126
Let i(q) = -2011*q + 12154. Calculate i(6).
88
Let d(w) = w**3 + 23*w**2 - 27*w - 66. Calculate d(-24).
6
Let g(y) = -y**3 + 20*y**2 + 28*y - 155. What is g(21)?
-8
Let m(u) = 474*u + 76. Determine m(1).
550
Let f(i) = -i**3 - 3*i**2 + 11*i - 11. Calculate f(0).
-11
Let k(y) = -y**3 + 31*y**2 + 6*y - 1845. Give k(29).
11
Let d(g) = -35*g**2 - 369*g + 175. Calculate d(-11).
-1
Let a(f) = 28*f - 2455. What is a(88)?
9
Let z(x) = x**2 - 15*x - 10016. What is z(108)?
28
Let w(l) = 916*l + 1832. Give w(-2).
0
Let n(r) = r**3 + 6*r**2 - 82*r - 536. Calculate n(-8).
-8
Let t(s) = -s**3 + 21*s**2 + 2496. What is t(25)?
-4
Let l(v) = -249*v + 10704. Calculate l(43).
-3
Let t(v) = -127*v + 1912. What is t(15)?
7
Let q(b) = b**2 - 244*b + 1435. Give q(238).
7
Let m(i) = -3*i**3 - 158*i**2 + 155*i + 2. Determine m(1).
-4
Let l(x) = x**3 - 15*x**2 - 3*x + 26. Determine l(15).
-19
Let j(g) = -g**3 + 55*g**2 + 238*g - 110. What is j(59)?
8
Let q(o) = 15*o**2 + 28*o + 123. Give q(-7).
662
Let o(q) = -q**3 + 